Is 69 a factor of 919083805?
False
Does 11 divide 7704367?
True
Is 139016835 a multiple of 235?
True
Is 16614368 a multiple of 2512?
True
Is 4607725920 a multiple of 2480?
True
Does 1203 divide 3279862809?
True
Is 59 a factor of 10473873?
False
Does 579 divide 1956571484?
False
Is 25 a factor of 237444600?
True
Is 897 a factor of 161137080?
True
Is 273 a factor of 117341371?
False
Is 65918970 a multiple of 206?
True
Is 3 a factor of 151995591?
True
Is 542963638 a multiple of 10?
False
Is 20 a factor of 30010140?
True
Does 4111 divide 81212805?
True
Is 3419 a factor of 590727170?
False
Does 838 divide 328613320?
True
Is 124610585 a multiple of 2?
False
Does 746 divide 91609546?
True
Is 50 a factor of 240193200?
True
Does 392 divide 11984224?
True
Is 44019008 a multiple of 344?
False
Does 3 divide 3546215?
False
Is 4740758200 a multiple of 404?
True
Is 66069292 a multiple of 1868?
True
Is 15820227 a multiple of 17?
False
Is 10912912 a multiple of 68?
True
Is 5 a factor of 446954610?
True
Is 28486892 a multiple of 142?
False
Does 413 divide 359732086?
True
Is 123 a factor of 73350312?
True
Is 60 a factor of 34260360?
True
Does 31 divide 28658747?
False
Does 11 divide 267164432?
False
Does 21 divide 7800661596?
True
Is 17113279 a multiple of 96?
False
Does 36 divide 784290780?
True
Does 487 divide 46168574?
True
Is 211287 a multiple of 12?
False
Is 2221733811 a multiple of 706?
False
Is 33 a factor of 353924802?
True
Is 411802698 a multiple of 6642?
False
Is 1015442040 a multiple of 354?
False
Is 184 a factor of 980417224?
False
Is 838 a factor of 613024654?
True
Does 16 divide 109481696?
True
Is 424072079 a multiple of 2192?
False
Is 114 a factor of 81835042?
False
Is 645359535 a multiple of 26?
False
Is 905013663 a multiple of 22?
False
Is 73905031 a multiple of 307?
True
Does 71 divide 544591799?
False
Is 20879043 a multiple of 969?
True
Does 419 divide 1384963691?
False
Does 126 divide 766538786?
False
Does 29 divide 2156801266?
False
Is 41084196 a multiple of 131?
False
Is 15 a factor of 250433?
False
Is 1132249425 a multiple of 475?
True
Is 2058423048 a multiple of 3668?
False
Is 20215677 a multiple of 107?
False
Is 226752321 a multiple of 282?
False
Is 3 a factor of 130604453?
False
Is 65 a factor of 240799520?
True
Is 5826806820 a multiple of 18?
True
Is 610456087 a multiple of 23?
True
Is 1955414152 a multiple of 1096?
True
Is 1037870860 a multiple of 460?
True
Is 1518571449 a multiple of 1191?
True
Is 14000414 a multiple of 149?
False
Is 103555616 a multiple of 16?
True
Does 75 divide 68632735?
False
Does 5 divide 55961895?
True
Is 823 a factor of 10227408?
False
Does 21 divide 1190711109?
True
Is 98 a factor of 82327938?
True
Is 60 a factor of 177370731?
False
Is 31 a factor of 47317501?
True
Does 15 divide 66037455?
True
Is 134 a factor of 1811239331?
False
Is 5 a factor of 493896055?
True
Is 27 a factor of 44564040?
True
Is 48951243 a multiple of 11?
True
Does 18 divide 46970424?
True
Does 1459 divide 1056133625?
True
Is 79712388 a multiple of 1428?
True
Does 522 divide 9192006?
False
Does 116 divide 291792359?
False
Is 199 a factor of 632307575?
True
Is 1959579666 a multiple of 17?
False
Is 336882108 a multiple of 12?
True
Is 19717026 a multiple of 6?
True
Is 932958128 a multiple of 821?
True
Is 16 a factor of 48989775?
False
Does 1801 divide 78160151?
False
Does 676 divide 257408632?
True
Does 205 divide 404886982?
False
Does 13 divide 656255884?
False
Is 26 a factor of 1297018483?
False
Is 15 a factor of 1931756964?
False
Is 84 a factor of 41648376?
True
Does 15 divide 293931241?
False
Is 28885305 a multiple of 15?
True
Is 460409815 a multiple of 440?
False
Is 3 a factor of 6759507?
True
Is 16995607 a multiple of 764?
False
Does 57 divide 546298089?
True
Does 17831 divide 2666388265?
False
Does 2557 divide 1125080?
True
Is 11 a factor of 5840844?
False
Is 209256048 a multiple of 1015?
False
Is 1541 a factor of 1356879087?
False
Is 370 a factor of 1381848990?
True
Is 223039191 a multiple of 179?
True
Is 35 a factor of 589742790?
True
Is 5 a factor of 19578515?
True
Is 393306098 a multiple of 30?
False
Is 70 a factor of 2856280?
True
Is 64640388 a multiple of 426?
True
Does 235 divide 216850010?
True
Does 491 divide 821327615?
True
Does 42 divide 116902464?
True
Is 1818099888 a multiple of 16?
True
Is 94 a factor of 7051316?
True
Is 30065192 a multiple of 122?
True
Is 546925608 a multiple of 327?
False
Is 358012152 a multiple of 125?
False
Is 29 a factor of 104308003?
False
Is 4 a factor of 98610?
False
Does 13579 divide 3061648048?
False
Is 66 a factor of 52696347?
False
Does 9613 divide 988888958?
False
Is 678 a factor of 1329307845?
False
Does 176 divide 16965344?
True
Is 22 a factor of 452672300?
False
Is 1263374215 a multiple of 368?
False
Is 1188128864 a multiple of 8?
True
Is 243 a factor of 7768240?
False
Is 57166137 even?
False
Is 2019545200 a multiple of 1640?
True
Is 17 a factor of 36049741?
True
Does 6 divide 368368297?
False
Does 15 divide 84078765?
True
Is 2581681782 a multiple of 1462?
False
Is 15 a factor of 15387525?
True
Is 123 a factor of 84600015?
True
Is 206094 a multiple of 7?
True
Does 10 divide 33222215?
False
Is 813 a factor of 81511617?
False
Does 22 divide 22213673?
False
Is 293 a factor of 6872315?
True
Does 1322 divide 458661290?
True
Does 333 divide 476921353?
False
Does 38 divide 181577224?
True
Is 157 a factor of 51215101?
False
Does 8 divide 356633096?
True
Is 1307686 even?
True
Is 20 a factor of 7637839?
False
Does 38 divide 1742757330?
True
Does 414 divide 4168566?
True
Is 2209452 a multiple of 102?
False
Is 430 a factor of 989346568?
False
Does 67 divide 2250731?
True
Does 11 divide 46985840?
True
Is 1283231680 a multiple of 4120?
True
Does 5 divide 24442690?
True
Is 95295829 even?
False
Is 339410908 a multiple of 4?
True
Is 227 a factor of 346804471?
True
Does 342 divide 17015177?
False
Is 77 a factor of 480679807?
False
Is 79313255 a multiple of 5?
True
Is 21691965 a multiple of 142?
False
Is 884110010 a multiple of 20?
False
Is 4038 a factor of 860032619?
False
Is 5227908 a multiple of 523?
True
Does 193 divide 1145174957?
True
Does 383 divide 165255923?
False
Is 179371153 a multiple of 361?
True
Is 116 a factor of 2960266872?
True
Is 12 a factor of 2676480?
True
Is 3359798 a multiple of 2?
True
Is 110758897 a multiple of 398?
False
Does 544 divide 9856736?
True
Is 13 a factor of 451260901?
True
Is 205107523 a multiple of 13?
False
Is 62051895 a multiple of 6?
False
Is 9413325 a multiple of 963?
True
Does 1027 divide 2897293321?
True
Does 58 divide 6883150?
True
Is 107214121 a multiple of 2071?
False
Is 493 a factor of 132817669?
False
Is 2 a factor of 36460161?
False
Is 21 a factor of 14397600?
True
Is 1478517125 a multiple of 32?
False
Does 427 divide 574817260?
False
Is 21 a factor of 126448896?
True
Is 50791922 a multiple of 140?
False
Is 32 a factor of 859458816?
True
Is 97 a factor of 11792317?
False
Does 21 divide 2402751435?
True
Is 224 a factor of 1638115?
False
Is 96610460 a multiple of 10?
True
Does 126 divide 16399883?
False
Does 20 divide 681420?
True
Is 678034584 a multiple of 117?
False
Does 16 divide 16021384?
False
Is 55 a factor of 177072556?
False
Is 18 a factor of 231084378?
True
Does 99 divide 1109671893?
True
Is 1191 a factor of 2659057566?
True
Is 335 a factor of 152028865?
False
Does 20 divide 14597900?
True
Is 1888507698 a multiple of 11?
True
Does 2242 divide 591899210?
True
Is 32 a factor of 575511996?
False
Is 757887850 a multiple of 82?
False
Does 11 divide 29705734?
False
Is 230087528 a multiple of 2599?
False
Is 2209350463 a multiple of 122?
False
Does 32 divide 263573696?
True
Is 22845441 a multiple of 23?
False
Is 359397824 a multiple of 3056?
True
Is 222069276 a multiple of 18?
True
Does 191 divide 9046142?
True
Is 113 a factor of 674792269?
True
Is 36013736 a multiple of 2536?
True
Does 1417 divide 21868561?
True
Is 3015 a factor of 11707245?
True
Does 43 divide 46507295?
True
Does 45 divide 42804282?
False
Is 1405061721 a multiple of 4137?
True
Does 508 divide 24154892?
True
Does 50 divide 21267200?
True
Is 45993732 a multiple of 104?
False
Is 753984749 a multiple of 12?
False
Is 780287420 a multiple of 1870?
True
Does 30 divide 2139544667?
False
Is 10468